) = 10*l + 5. Let u(r) = 6*h(r) + 5*y(r). Let p be u(6). What are the prime factors of (p*1/2)/(11/4334)?
197
Let p(d) = -d**3 + 50*d**2 - 105*d + 1158. List the prime factors of p(46).
2, 599
Suppose q = -11*q + 36. Suppose q*c - 14*c = -4202. List the prime factors of c.
2, 191
Let u be ((-110)/4)/(-5) + 3/(-2). Let r be ((3 + -6)/(-3))/(u/188). Let n = 111 + r. List the prime factors of n.
2, 79
Let q = 53 - 51. Suppose 7 = q*p - 3*k - 2, 5*k = 3*p - 12. Let t(y) = y**3 - 7*y**2 + 3*y + 17. What are the prime factors of t(p)?
2, 103
Suppose -2*m + 149 + 33 = 0. Suppose 5*b = 4*g + g + 380, -152 = -2*b + 3*g. Let j = m - b. What are the prime factors of j?
3, 5
Let s(f) = 415*f**2 - f + 26. What are the prime factors of s(-8)?
2, 13297
Suppose 6*o - 460 = -4*o. Suppose 32*f + 11116 = o*f. What are the prime factors of f?
2, 397
Suppose -37*t + 48*t = 94303. List the prime factors of t.
8573
Suppose 0 = -173*m - 136*m + 101*m + 713440. What are the prime factors of m?
2, 5, 7
Suppose -118 = -4*f + 14. Suppose 5*t - 82 = -67. Suppose -4*h = t*d - 177, h = 4*d + f - 3. What are the prime factors of h?
2, 3, 7
List the prime factors of 36/84 - 1293087/(-21).
2, 43, 179
What are the prime factors of 7117659/956 + ((-2)/(-6) - 20/(-48))?
2, 3, 17, 73
Let n(i) = 17*i - 9. Let d be n(12). Let b = 477 - d. Suppose -5*s = 2*a - b, -109 - 166 = -5*s + 5*a. List the prime factors of s.
2, 7
Suppose 0 = -132*a + 43*a + 979623. What are the prime factors of a?
3, 1223
Suppose 4*o = -15 - 1, 2*o - 221 = w. Let d = -111 - w. What are the prime factors of d?
2, 59
Let p = -21027 + 32032. What are the prime factors of p?
5, 31, 71
Suppose -5*y + 3*f + 240 = 0, -3*y + 5*y + f - 96 = 0. Suppose y*d + 618 = 51*d. List the prime factors of d.
2, 103
Suppose -322 - 344 = -3*y. Suppose 2*a + a = 3*j + 147, -3*a - 15 = 0. Let i = j + y. What are the prime factors of i?
2, 3, 7
Let c = 4633 + -3384. List the prime factors of c.
1249
Let a be ((-6)/(-5))/(30/8025). Suppose a*p = 316*p + 1740. List the prime factors of p.
2, 3, 29
Suppose -527664 = -1991*c + 1967*c. List the prime factors of c.
2, 10993
Let l be (-429051)/(-84) - 3/4 - 3. Suppose v + l = 12*v. List the prime factors of v.
2, 29
Let d = 50593 - 17258. List the prime factors of d.
5, 59, 113
Suppose -98*n - 25608 = -l - 100*n, -5*l = -n - 128084. What are the prime factors of l?
2, 1601
Let s = -864 - -860. What are the prime factors of (2 - 96)*(39/(-6) - s)?
5, 47
Let c = -19 + 26. Suppose 3*l + c = 1, z = -2*l - 2. Suppose -z*w - 2*t = -5*t - 65, 5 = -5*t. What are the prime factors of w?
31
Let a(t) = 48*t**2 + 3*t - 18. Let w(u) = 23*u**2 + u - 9. Let q(l) = -2*a(l) + 5*w(l). What are the prime factors of q(-3)?
3, 5, 11
Suppose -100*l = -92812 + 17312. List the prime factors of l.
5, 151
Let k(u) = -74*u + 22. Let c(v) = -25*v + 7. Let n(z) = -7*c(z) + 2*k(z). Let i be n(5). Suppose 7*m - 480 = -i. List the prime factors of m.
2, 5
Let i be (4/(-2) - -2) + 82. Let c be ((-2800)/120)/(2/6). Let s = i + c. What are the prime factors of s?
2, 3
Suppose -3*x - s = -88739, -10*s = -12*s + 10. What are the prime factors of x?
2, 23, 643
Let x be (-2 + -2)*18/8. What are the prime factors of x + (7 - (8 - 1395))?
5, 277
Suppose 1002 = -7*p - 34. Let b = p + 396. List the prime factors of b.
2, 31
Suppose -1722864 = 2363*y - 2389*y. List the prime factors of y.
2, 3, 11, 251
Suppose 4*q - 5*g - 15917 = 0, 2*q + g - 7960 = 5*g. What are the prime factors of q?
2, 3, 13, 17
Let i = -1500 + 2843. Suppose -4*k = -3*p + i, 3*p + 968 = -2*k + 301. What are the prime factors of (-1)/(-3 + (-1000)/k)?
67
List the prime factors of (1753830/21 + (-2)/(-7))/(-28 + 32).
20879
Suppose 0 = 24*j - 17*j - 9247. Suppose -5*m = -7*m + n + j, -m = -n - 663. List the prime factors of m.
2, 7, 47
Suppose -17*i - 513 = -18*i. Let l = -168 + i. What are the prime factors of l?
3, 5, 23
Let p(g) = g**3 + 6*g**2 - 17*g - 5. Let n be p(-8). Let v be (-2152)/(-6) + 4/(-6). Suppose 121 = -n*u + v. What are the prime factors of u?
79
Suppose 5*m - v - 77796 = 0, -3*v = -4*m - 7596 + 69835. What are the prime factors of m?
15559
Let l be 14*((-14)/(-5))/(8/10). Let p = l - -20. What are the prime factors of p?
3, 23
Let z(x) = x**2 - 23*x - 19. Let j be z(24). Suppose 0 = 4*n - n + 2*k - 119, -j*n = 4*k - 197. What are the prime factors of n?
41
Suppose -11*d + 3*g + 19 = -7*d, -5*g + 1 = -2*d. Suppose 6229 = d*o + 167. What are the prime factors of o?
2, 433
Suppose 0 = -5*c - 4*k - 39, -3*k - 7 - 10 = 2*c. Let l be (12/14)/(c/343). List the prime factors of (-474)/l - (-8)/(-28).
11
Let y(h) = -2*h**2 - 21*h - 4. Let r be y(-10). Suppose -5*p - r = -7*p. Suppose 2*z - 99 - p = 0. List the prime factors of z.
3, 17
Let u be (-6 + 7 + 0)*1*3. Suppose 0 = v - u, -5*y - 319 = -0*y - 3*v. Let g = y + 98. What are the prime factors of g?
2, 3
Let v = 3432 + 15135. List the prime factors of v.
3, 2063
Suppose 3*j = 5*k - 5820, -1164 = -10*k + 9*k + 3*j. Let y = 2190 - k. List the prime factors of y.
2, 3, 19
Let c be 12*6635*(-3)/(-90). Let q = c + -1242. List the prime factors of q.
2, 353
Let m = 5706 + -2717. What are the prime factors of m?
7, 61
What are the prime factors of 1 + 476670/9 + 400/600?
3, 5, 11, 107
Let f = 64666 + 3112. List the prime factors of f.
2, 33889
Suppose -4*q + 2*q - 430 = 0. Let x = -161 - q. List the prime factors of x.
2, 3
Let p be ((-207045)/(-12))/5 - (-2)/8. Suppose a + p = 4*j - 2*a, -4*a = 20. List the prime factors of j.
859
Let i be (-23400)/5772 - (-2)/37. Let a(x) be the third derivative of 2*x**5/15 + 5*x**4/24 - x**3/6 - x**2. List the prime factors of a(i).
107
Suppose -n + 336*j = 337*j - 8465, 33862 = 4*n + 2*j. List the prime factors of n.
2, 3, 17, 83
Let u be 0 + 6 + (18 - 16). Suppose u*s = -4206 + 14430. List the prime factors of s.
2, 3, 71
Suppose -4*h = 104 - 32. What are the prime factors of (-28)/(-126) - 86/h?
5
Let f(v) be the third derivative of 13*v**6/40 - 2*v**5/15 + v**4/24 - v**3/6 + 5*v**2 + 1. List the prime factors of f(2).
281
Suppose 0 = 23*a - 338 - 329. Suppose 7378 = a*c + 2*c. List the prime factors of c.
2, 7, 17
Suppose 2*l = -2*b - 4, 2*b - 3 = 5*b + 4*l. Let v be (66/30)/((-1)/b). Let h = 87 - v. List the prime factors of h.
2, 19
List the prime factors of (-6)/11 - (-8 - 343708/44).
7, 1117
Let y be (-45)/(-6)*(-456)/(-10). Let m = y + -243. What are the prime factors of m?
3, 11
Suppose -5*i = 3*x - 11343, -9*i + 7*i = 0. Suppose -x - 5169 = -5*o. What are the prime factors of o?
2, 5, 179
Suppose -2 = -a, 153*g = 157*g + 4*a - 15420. What are the prime factors of g?
3853
Let r(z) = 2*z**2 - 13*z + 5. Let v be r(6). What are the prime factors of 0 - -194 - v*(2 + 1)?
197
Let q(o) = -7*o**2 + 19*o - 8. Let i be q(4). Let g = i + 63. Let v = g - -49. What are the prime factors of v?
2, 17
Let k = 13284 + -6476. What are the prime factors of k?
2, 23, 37
Let i(l) be the second derivative of l**5/10 - 2*l**4/3 - 8*l**3/3 + 7*l**2/2 + 69*l. What are the prime factors of i(7)?
3, 7
Let s(u) = -37*u**2 + 6*u + 1. Let t(x) = -x**2 + x. Let q(z) = -s(z) + 6*t(z). What are the prime factors of q(-1)?
2, 3, 5
Let b(q) = 26*q**2 + 6*q + 13. Let n(j) = 25*j**2 + 6*j + 13. Let x(t) = 5*b(t) - 4*n(t). What are the prime factors of x(-4)?
7, 67
Let w(b) = -2*b**2 + 10*b + 8. Let z be w(-1). What are the prime factors of (-5 - (-418)/z)*120/(-18)?
2, 5, 73
Let r be (-7)/(-3)*(0 - 3). Let y(n) be the second derivative of -n**5/20 - n**4/3 - 4*n**3/3 + 2*n**2 - 4*n - 142. What are the prime factors of y(r)?
3, 23
Let v = 2732 - 6346. Let n = -2007 - v. What are the prime factors of n?
1607
Suppose -4*p = -5*w - 37890, -644 + 19604 = 2*p + 5*w. List the prime factors of p.
5, 379
Suppose t - 3*t + 2*v = -68, 63 = 2*t - 3*v. Suppose 258 = 11*y - t. List the prime factors of y.
3
Suppose -3*u + l + 8 = -l, -3*l - 5 = -u. What are the prime factors of ((-1408)/(-66))/(u*1/57)?
2, 19
Suppose 68*j - 77*j = -3546. Let p = 15 + j. List the prime factors of p.
409
Let h(a) = 10*a**3 + 10*a**2 - 53*a + 200. What are the prime factors of h(11)?
67, 211
Let y(h) = 2*h**2 - h - 2. Let z be y(2). Let m(x) = 4*x**2 - x - 535 + 183 + 183 + 181. List the prime factors of m(z).
2, 3
List the 